t is the tens digit of l?
2
Suppose -p = 5*h - 667, h - 1 + 2 = 0. What is the hundreds digit of p?
6
Suppose 5*l = 1 + 14. Suppose l*p = 10*p - 490. What is the units digit of p?
0
Suppose 5*u = -5*k + 1200, -3*u = -8*u - 4*k + 1197. What is the hundreds digit of u?
2
Suppose 0*m - 5*m = -15. Suppose m*s = 2*z - 0 - 19, 2*s - 4*z = -2. What is the tens digit of (20 - s) + 1*-3?
2
Let x(u) = u**3 + 10*u**2 - u - 7. Suppose 2*y = -19 + 5. What is the hundreds digit of x(y)?
1
What is the hundreds digit of 23120/17 - (-14)/(-2)?
3
Suppose -1958 = 13*d - 2*d. Let f = -73 - d. What is the hundreds digit of f?
1
Let b(a) = -a**3 + 6*a**2 + 10*a - 13. Let p be b(7). What is the units digit of 16/(-6)*(2 - 94/p)?
6
Let c = -34 - -34. Suppose 3*r + 5*f - 25 = 0, 2*r + 3*r - 4*f - 54 = c. What is the tens digit of 2/r - 198/(-10)?
2
Let i(l) = -30*l + 6. Let d(a) = -30*a + 7. Let v(f) = -4*d(f) + 5*i(f). What is the units digit of v(-2)?
2
Suppose 22*g - 71*g + 50960 = 0. What is the thousands digit of g?
1
Let q be (-4)/8*-18*-1. Let y(p) = -p - 8. Let l be y(q). What is the units digit of 1/((l - 4)/(-51))?
7
Let t = -116 + 18. Let c = t + 156. Let r = c + -36. What is the units digit of r?
2
What is the thousands digit of ((-6)/(-24))/(3/15972)?
1
Let l = 0 - -28. Suppose -2*o - 4 + l = 0. What is the tens digit of o?
1
Let h be (228 - 3) + -2 + 5. Let m = 390 - h. What is the tens digit of m?
6
Let x = -246 + 171. What is the units digit of 15/60 + x/(-4)?
9
Let b(q) = -4*q**2 - 14. Let h be b(10). Let u be ((-2)/(-3))/((-3)/h). Suppose -f - u = -3*f - 4*m, -f + 3*m = -41. What is the tens digit of f?
4
Suppose t - 17 = -19. What is the units digit of (1 - (2 + t)) + (67 - -5)?
3
Let u = 5 + -5. Suppose u = -5*s + 488 - 118. Suppose 0 = 4*j + 3*r - r - 80, -3*j - 5*r + s = 0. What is the tens digit of j?
1
Let z = -23 - -29. Suppose -4*m = z*d - d - 134, 4*d - 4*m - 136 = 0. What is the tens digit of d?
3
Suppose -29*s = -24*s - 15. Suppose -5*l - s*x = -4*l - 114, 5*l - 570 = 4*x. What is the hundreds digit of l?
1
Suppose 5*a = -2*j + 224, 4*j - 468 = -a - 4*a. Suppose -j = -p - p. What is the tens digit of p?
6
Let j(o) = -10*o - 44. What is the units digit of j(-5)?
6
Let r = 5764 + -1056. What is the units digit of r?
8
Let v = 705 - 1236. What is the units digit of v*(1/(-3))/1?
7
Let a = 11 + 510. What is the hundreds digit of a?
5
What is the hundreds digit of (-92)/((-2)/(-14) + 11/(-28))?
3
Let n(y) = 5*y - 20*y + 8*y + 6 + 3*y. What is the units digit of n(-4)?
2
Let w(f) = -2*f**2 - 2*f + 1. Let b be w(1). Let k be (b/2)/(8/(-16)). Suppose k = 2*t - 3. What is the units digit of t?
3
Let p(m) be the first derivative of 9*m**2/2 - 12*m - 1. What is the tens digit of p(7)?
5
Let a = -46 - -18. What is the tens digit of (a/10)/((-19)/285)?
4
Suppose 4*g + 16 = 0, 0 = 4*s - 2*s - 3*g - 242. Suppose -2*c + 70 = p + p, -3*c + s = 5*p. What is the tens digit of c?
3
Let q(x) = -4*x**2 - 3*x + 1. Let m be q(-3). Let o be -3 + (-3 - m) + -1. Suppose o*i - 186 = 16*i. What is the units digit of i?
2
Let n be (-2)/12 - 966/36. Let s be -38*(4 + n/6). Suppose -b = s - 66. What is the tens digit of b?
4
Let t be ((-59)/(-2))/((-1)/(-2)). Suppose -4*i = -t - 145. What is the units digit of i?
1
Suppose -5*m - 4*h + 1687 = -730, -m - 4*h = -493. What is the units digit of m?
1
Let l(n) = 14*n - 27. Let m(c) = -c**2 + 15*c + 42. Let w be m(17). What is the tens digit of l(w)?
8
Let v = 35 + -36. What is the tens digit of 2/((-81)/(-78) + v)?
5
Suppose -3214 - 24650 = -27*s. What is the tens digit of s?
3
What is the tens digit of (-8)/(-7 + 16182/2313)?
5
Let l(u) = -u**2 - 15*u - 9. Let i be l(-12). Let d be (i/(-18))/(3/(-8)). Suppose b + b + d*f = 50, -5*f - 35 = -4*b. What is the tens digit of b?
1
Let n(x) = 125*x - 201. What is the tens digit of n(7)?
7
Let f(p) = -p + 8. Let k be f(8). Suppose 0*s - s + 3*y + 20 = k, 0 = 4*y. Let b = s + -1. What is the tens digit of b?
1
Let m(z) = -81*z - 19. What is the hundreds digit of m(-5)?
3
Let p = 123 - -81. Suppose 0 = -2*c - 155 + 163. Suppose 0*q - c*q = -p. What is the tens digit of q?
5
Suppose 232 = 4*t + 4*q, -3*t + 8*t - 284 = q. What is the units digit of t?
7
Let y = 36 + 198. What is the tens digit of y?
3
Let q(n) = -n**2 - 3*n. Let g be q(-6). Let v = g - -24. What is the units digit of v?
6
Let m be (-21)/5 + 2/10. Let t be ((-32)/3)/(5/15). What is the tens digit of (-2)/m*(4 - t)?
1
Let k(n) = n**3 - 36*n**2 - 182*n + 31. What is the tens digit of k(41)?
7
Suppose -6*i + i = -10. Let d(g) = 16 - 15*g**2 + 17*g**i + 13*g**2 + g**3. What is the tens digit of d(-15)?
1
Let t = 1627 - 615. What is the thousands digit of t?
1
Suppose 541 - 1351 = -5*z. Suppose z = 3*g + 3*g. What is the tens digit of g?
2
Let d be (-4)/(-4)*-3 - -8. Suppose 6*y - y - 181 = l, d*l = -5*y + 175. What is the tens digit of y?
3
Suppose i - 1295 = -a - 5241, 0 = 5*a - 5*i + 19750. What is the hundreds digit of ((-1)/2)/(7/a)?
2
Let c(s) = -s**3 - 6*s**2 - 9*s - 5. Let v be (-6)/(-9)*72 - 4. Suppose 5*o + v - 14 = 0. What is the tens digit of c(o)?
4
Suppose -5*v = -2*n + 10, -2*n = -0*v + v - 10. Let k(y) = 4*y**2 + y + 6. What is the units digit of k(n)?
1
Let l = -1026 - -1658. Suppose -4*h - 20 = 0, l - 207 = 4*p - 5*h. What is the units digit of p?
0
Suppose -5 = -7*d + 6*d. Suppose -25 = -d*u, 3*b + 48 - 12 = 3*u. What is the tens digit of 6/21 - 89/b?
1
Let v = 5 + -11. Let l(p) = p**3 + 8*p**2 + 3*p - 7. Let g be l(v). Suppose -3*b - 8 = -g. What is the units digit of b?
3
Let q(l) = 3*l**3 + l**2 - 2*l - 1. What is the tens digit of q(3)?
8
Let r be 76/(-10) + (-33)/(-55). What is the tens digit of 5/(-15)*-9 - r?
1
Suppose 991 = 5*b + 3*k, -2*b + 39 = 2*k - 355. What is the tens digit of b?
0
Suppose -27 = -3*p + 2*j, -p + 4*j + 14 = -5. Suppose 2*m - 9 = -o, 2*o - p - 16 = -5*m. Let v(s) = -40*s**3 - s**2 - s - 1. What is the tens digit of v(o)?
3
Let x(l) = 5*l**2 - 2*l - 2. Let o be x(2). Let p be -8 + (20 - 10) - 19*-1. What is the tens digit of o/p - 196/(-3)?
6
Let o be ((-2)/4)/(9/(-144)). What is the tens digit of (152/o)/(1/2)?
3
Suppose 2*d + 0*o - 14 = -5*o, 0 = -4*d - 4*o + 16. Let v(n) = -4 + n**2 + d*n**2 - 2*n**2 + 4*n. What is the units digit of v(-5)?
1
Let z be 21/(-2)*(-4)/(-6). Let u = -3 - z. Suppose -4*a + 55 + 55 = -5*b, -u*b = -5*a + 133. What is the units digit of a?
5
Suppose 55 = -4*n - n. Let i = n + 3. Let g(x) = -x**3 - 7*x**2 + 7*x + 6. What is the units digit of g(i)?
4
Let j be ((-106)/3)/(11/66). Let f = j + 352. Suppose -2*i = y - 30, 2*y = -2*y + 2*i + f. What is the tens digit of y?
3
Let f(i) = i**2 + 1. Let d(r) = r**3 + 18*r**2 + 10*r + 4. Let z(k) = d(k) - 5*f(k). What is the tens digit of z(-12)?
2
Let z = -57 - -144. Let y = z - 69. What is the tens digit of y?
1
Suppose -6*s + 3*s - 9 = 0. What is the tens digit of 5 + -1 - 9*s?
3
Suppose -5*n - 10 = 0, 2*v = -v + 2*n + 70. Let w = v + 9. What is the tens digit of w?
3
Let s = 1322 + -405. What is the hundreds digit of s?
9
Suppose -4*m + 3*q + 9074 = 0, m - q + 3*q = 2263. What is the thousands digit of m?
2
Let a(w) = 4*w - 35. Let n = 25 + -16. What is the units digit of a(n)?
1
Suppose 136*x + 7658 = 143*x. What is the hundreds digit of x?
0
Suppose 2326 = -16*t + 10118. What is the hundreds digit of t?
4
Let q = -38 - -20. Let k be 181*(4 + -3) - 1 - -3. What is the units digit of (-4)/q + k/27?
7
Let n(x) be the first derivative of 7 - 6*x**2 - 1/3*x**3 - 2*x. What is the units digit of n(-11)?
9
Suppose -5064 = -k + 3*v, k - v - 2724 - 2330 = 0. What is the thousands digit of k?
5
Let q be (-2 - -17)/(6/20). Suppose 0*o - q = -5*o. Suppose -54 = -4*m - o. What is the tens digit of m?
1
Let g = 206 + -93. What is the tens digit of g?
1
Let o be (-2904)/36*(-3)/2. Let u = o + -65. What is the units digit of u?
6
Let y be 2*1 + (-11 - -13). Suppose -u + y = -5*u. Let n(d) = -13*d + 1. What is the units digit of n(u)?
4
Let h(w) = w**3 + 21*w**2 - 18*w - 7. What is the units digit of h(-15)?
3
Let x(o) = -2*o + 0*o + 32 + 5*o - 6. Let h be x(-11). What is the units digit of (1 - 27)/(h/14)?
2
Suppose 4*u - 4*c = 122 + 326, 3*u + 4*c = 364. Let m = -67 + u. What is the units digit of m?
9
Suppose 3 + 9 =